me?
False
Suppose 38*g - 1361792 = 92126. Is g prime?
True
Let c = 59 + -205. Suppose 794 = 2*s - 100. Let n = s + c. Is n prime?
False
Suppose 32 = -4*q - 4*z, 4*q - 3*z = 2*z - 68. Let c be (q/3 + 9)*-409. Let y = c + 3030. Is y a composite number?
True
Let v be (4/6)/((-4)/(-60)*2). Let z be 3659/(-7) - -6*v/(-105). Let w = 934 + z. Is w composite?
True
Let c be ((-30)/(1 + -4))/(-2). Let r be 271296/(-112) + 2/7. Is r/c - 6/(-10) prime?
False
Let z(t) = 11*t**3 - 74*t**2 + 50*t + 101. Let r(x) = 4*x**3 - 25*x**2 + 17*x + 34. Let f(w) = -8*r(w) + 3*z(w). Is f(22) a prime number?
False
Let l = 13 + -11. Suppose 2*n - 5*n = -9, d = -l*n + 452. Is d a composite number?
True
Let t = 505653 - 275002. Is t prime?
False
Suppose 27 = 6*i + 9. Suppose -14221 = -4*f - m, 12*f - 14201 = 8*f + i*m. Is f a composite number?
True
Let r be (-1*5)/(4/(-12)). Suppose -11*g = -r*g - 2604. Let l = -164 - g. Is l a prime number?
True
Suppose -89*l = -73*l - 318448. Is l a prime number?
False
Suppose -4*m = -5*k - 5715 - 16889, 11272 = 2*m + 5*k. Suppose m - 1273 = j. Suppose -2*a - 3*z = -j, -a - 4*a = -4*z - 10875. Is a prime?
True
Is (24 - 666/27)*((-224843)/2 - -1) composite?
True
Let n = -15956 - -9455. Let m = 18796 + n. Is m a prime number?
False
Let w(u) = -12*u - 33. Let q(o) = -o + 2. Let f(c) = -q(c) - w(c). Let r be f(-7). Is 3/(r/(-2296)) - 3/(-15) composite?
True
Is 12/126 + (-89171982)/(-1134) a composite number?
True
Suppose -3*c = 29*v - 32*v + 181032, 0 = -3*v + 2*c + 181029. Is v a composite number?
True
Is (-4)/110 + (-2476119451)/(-22165) composite?
True
Let h(q) = -82*q**3 - 4*q**2 - 5*q - 4. Let w be h(-5). Suppose -16929 = -5*s + 4*o, -o = -4*s + 7*s - w. Is s a prime number?
True
Suppose -8*z = -10*z + 20. Let c(n) = 2*n**2 - 1 + 9*n**2 - 7*n + z*n**2 + 11*n**2. Is c(-6) a composite number?
False
Let o be ((-164950)/(-4))/(16/32). Suppose -2*h + 27*h = o. Is h prime?
True
Let h(i) = -30*i**3 - 14*i**2 - 13*i + 70. Let v be h(-18). Suppose -35*l + v = -27*l. Is l composite?
False
Suppose 47128 = -20*x + 271068. Is x a composite number?
False
Suppose 4*q = 5*m + 30, -4*q - 3*m + 19 = q. Suppose -32*t - 1061 = -b - 36*t, q*b - 2*t - 5195 = 0. Is b prime?
False
Let l(f) = -12*f**2 - f + 1. Let o be l(1). Let w(m) = -56*m - 42. Let u be w(o). Suppose p + i - 4*i = 312, -2*p = -4*i - u. Is p composite?
True
Suppose -4*f + 2*o + 18 = 0, 2*f = 3*f + 4*o + 9. Suppose 4 + 11 = -3*j, f*l + j = 31. Let b(s) = 3*s**2 - 9*s - 13. Is b(l) a composite number?
False
Let w = -36 + 38. Suppose 7*b = w*b + 10. Suppose 0*p - 159 = -c - b*p, 2*c - 311 = 3*p. Is c prime?
True
Suppose -3*i - 25604 = -u + 11861, -4*u = 4*i - 149844. Is u a composite number?
True
Let o(i) = -931*i + 1854. Is o(-77) composite?
True
Let o(s) = -14*s**3 - 19*s**2 + s + 7. Suppose -55 = 36*h - 31*h. Is o(h) a prime number?
False
Let r be 27 + ((-6 - -2) + 4)/(-2). Let m = r + 3. Suppose -6*h + 732 = -m. Is h composite?
False
Let u(o) = -13*o + 3. Let j(n) = -9*n + 2. Let q(z) = -7*j(z) + 5*u(z). Let m be q(-1). Suppose -a + 4*l = -m*a + 2814, -4*l = a - 1417. Is a composite?
True
Suppose 2*k = 5*a - 4, 7*a = 3*k + 2*a + 1. Suppose k*r + 2 = r, 0 = 4*z + r + 113. Is (-7022)/(-10) + z/(-35) a composite number?
True
Let l = -108 - -100. Is (-2)/l + (-5 - 573/(-12)) prime?
True
Let d be -1 + 1 - 66/(-22). Let z(j) = 3125*j - 46. Is z(d) a prime number?
False
Suppose -6*u - 11133 = -61905. Suppose 9*a - u = 7*a. Let r = -2870 + a. Is r a prime number?
True
Let d(s) = 3*s**2 - s + 2. Let j be d(1). Suppose -3*u = -3*o - o - 18, 4*o + j = -4*u. Is 572 + 1 + 3*u/(-3) prime?
True
Let v = 2747 - 1622. Let w = 2240 + v. Is w a composite number?
True
Suppose b - 5*q = -3, 3*q - 13 = -4*b - 2*q. Suppose -b*n + 4*f = -1414, 3*n - 4*f = 2276 - 161. Is n a prime number?
True
Let v(g) = 20 + 30*g + 2521*g**2 - 12 + 20 + 29 + 3277*g**2. Is v(-2) a composite number?
False
Let l be 12830/7 - (30/35 - 1). Suppose -20005 = -28*a - l. Is a a composite number?
True
Suppose 2*n - 612368 = -4*m, n + 233020 + 73160 = 2*m. Is m prime?
False
Let g be 3*(-14 + -2 + -1). Let d = g - -46. Let u(s) = 13*s**2 + 4*s - 6. Is u(d) a composite number?
True
Suppose -4*u + 7*u + 10 = 2*c, -u = 5*c - 42. Suppose 0 = -5*l - b + 10, -b + c = 4*l - 6*b. Is 1072/(-28)*(-7)/l a prime number?
False
Suppose 2*s + 9 = -3*u, -u = 2*s - 4*u + 39. Is 6*-1 + -3 + 5210 + s composite?
False
Suppose 0 = -3*b + 9, 7*x - 4*x + b = 1461336. Is x prime?
True
Let s be 105540/(-33) - 4/(-22). Let y = -1487 - s. Is y a composite number?
True
Let v be 0 + 3 - (5 - 4). Suppose 2499 = j - v*z, z - 2306 - 10178 = -5*j. Is j a prime number?
False
Let y = 135 + -119. Suppose n + 4 - y = 0. Suppose 3183 = n*z - 4845. Is z a composite number?
True
Let a be (1 + 0 - -1 - 6) + 3467. Suppose -2*q + w + 3206 = 0, 5*w + 281 = -2*q + a. Is q composite?
False
Let j(n) = 3*n - 3247 + 3235 + 4*n. Let w be j(2). Suppose 0 = -12*z + 16*z + 16, 0 = -w*u + z + 2430. Is u prime?
True
Let i = -19991 + 6462. Let k = -7984 - i. Is k composite?
True
Let h(z) = 107051*z**2 - 21*z + 9. Is h(1) a composite number?
True
Let u(y) be the third derivative of -151*y**6/60 - y**4/2 - 7*y**3/2 - 3*y**2 - 23. Is u(-2) prime?
False
Let m be 3 - -9204*2/(-8)*-3. Suppose 3*j - m = -2*i, -12*i = -15*i - 3*j + 10359. Is i composite?
True
Let t be (-3)/(8*(-8)/(-5568)). Is 20/(-15)*t/12*71 a prime number?
False
Is 3*-3 + 40/(-100)*-651805 prime?
True
Let q = 5166 + -960. Suppose -3*w = 2*x + w - q, 4*w = 5*x - 10501. Is x prime?
False
Suppose -12*s + 22*s = 3438513 + 538417. Is s composite?
True
Let w be 3/(4 + -1)*27. Suppose -1103964 = -w*b + 52041. Is b a prime number?
False
Let d = 94 + -69. Let o = 28 - d. Suppose 7131 = 4*c - a, 2*c + o*c - 2*a - 8913 = 0. Is c prime?
True
Let y(i) = 311*i + 8. Let q be y(6). Let x = -206 + q. Suppose 0*s + 3*s - 3*n - x = 0, n = 5*s - 2784. Is s prime?
True
Let d = 5023 - 2527. Suppose 0 = 5*k - k - d. Suppose 0 = -4*y + n + k, -y - 2*n + 169 = n. Is y prime?
True
Let c(f) = 42258*f**2 + 196*f - 83. Is c(4) prime?
True
Let d(t) = -2*t + 2. Let s be -1 + -1 + 1 + 1. Let l be d(s). Suppose 5*n - 2519 = -l*v, 5*v - 995 = -n - n. Is n composite?
True
Suppose -192916585 + 9705199 = -174*u. Is u composite?
False
Let k(s) = -3507*s**3 + 10*s**2 + 36*s - 6. Is k(-5) a prime number?
True
Let v(m) be the second derivative of -9*m**3 - 9*m**2/2 + 14*m. Let h(l) = 109*l + 19. Let s(j) = 2*h(j) + 5*v(j). Is s(-6) a prime number?
False
Let a(g) = 1173*g**3 + 5*g - 3. Let n = -137 - -139. Is a(n) a prime number?
True
Suppose 4*f + 4*y = 2740, 2744 = 4*f + 56*y - 53*y. Let s be 2/1*(-6)/(-4). Suppose -2*o + s = o, -2*z + 5*o + f = 0. Is z a composite number?
False
Let t(p) = 3*p**3 + 3*p**2 - 2. Let s be t(2). Suppose 0 = s*z - 30*z - 12. Suppose -2*g + 338 = 3*f, -4*g + z*f = 5*f - 660. Is g prime?
True
Let q(v) = 17*v**2 + 7*v + 6. Let g be q(-4). Suppose 209 = -b + 300. Let u = g - b. Is u composite?
True
Let w(d) = d**3 + 20*d**2 - 45*d + 53. Let t be w(-22). Suppose -80*q + 2355 = -t*q. Is q a composite number?
True
Let t(k) = 2*k + 220*k**2 - 2627*k**3 + 6 + 6*k - 219*k**2 + 0 - k. Is t(-1) prime?
False
Let n = -248451 + 414464. Is n composite?
False
Suppose s + 0 - 19 = -3*l, s - 4 = 0. Let v be ((-2)/l)/((-7)/(-210)). Let d(h) = -h**3 - 11*h**2 + 13*h + 25. Is d(v) composite?
False
Let a(p) = 77*p**2 + 2*p + 2. Let o = 87 + -60. Suppose o*h - 6 = 25*h. Is a(h) prime?
True
Suppose 4 = -4*c, 3*c - 15 = -q + 4*c. Let f(m) = 9*m - 59. Is f(q) a prime number?
True
Suppose 0 = -10*i + 83 - 43. Suppose -i*b + 8*c - 6*c = -45478, -5*c + 56870 = 5*b. Is b a prime number?
False
Let x = -116 - -121. Suppose 3*q + x*q = 10264. Is q prime?
True
Let o be 46*-1*(-19 + 8 - 11). Let p(l) = -l**2 - 8*l - 8. Let a be p(-6). Suppose -a*x = -8*x + o. Is x a composite number?
True
Is 5382110/938 - (-6)/(-7) a composite number?
False
Suppose -2*g - 5*t + 96115 = 0, -3*g - 3*t + 5*t = -144144. Suppose -20 = 5*f, d - 3*f + 403 = g. Suppose -m = 4*m - d. Is m a prime number?
False
Is ((-11 - -6) + 589741 - -2)*(-2)/(-4) prime?
True
Let l(c) = -c**2 - 2*c + 19. Let r be l(-5). Suppose r*x - 28 - 36 = 0. Is (-2276)/x*40/(-2) prime?
False
Let v(y) = -53*y + 16. Let m be v(-4). 